What is the remainder when 69389543 is divided by 61?
30
Calculate the remainder when 561946 is divided by 1767.
40
Calculate the remainder when 525430 is divided by 262359.
712
What is the remainder when 1501179 is divided by 535?
504
What is the remainder when 3901068 is divided by 595?
248
Calculate the remainder when 43172579 is divided by 53.
51
Calculate the remainder when 25296492 is divided by 147.
144
What is the remainder when 128036 is divided by 1702?
386
What is the remainder when 61271 is divided by 182?
119
What is the remainder when 834518 is divided by 1229?
27
Calculate the remainder when 102545134 is divided by 371.
363
Calculate the remainder when 157136 is divided by 1383.
857
Calculate the remainder when 868114 is divided by 9978.
28
Calculate the remainder when 21481299 is divided by 25634.
7
What is the remainder when 46288706 is divided by 4?
2
Calculate the remainder when 124579015 is divided by 24915798.
25
What is the remainder when 4849796 is divided by 6398?
112
Calculate the remainder when 1043760 is divided by 37.
27
Calculate the remainder when 175606 is divided by 2528.
1174
Calculate the remainder when 1374 is divided by 265.
49
What is the remainder when 15912358 is divided by 3978077?
50
What is the remainder when 144556 is divided by 48036?
448
Calculate the remainder when 16200388 is divided by 13.
9
Calculate the remainder when 1403414 is divided by 467728.
230
What is the remainder when 12455202 is divided by 43?
37
What is the remainder when 2016832 is divided by 336107?
190
What is the remainder when 1311894 is divided by 2351?
36
Calculate the remainder when 329879 is divided by 3531.
1496
What is the remainder when 24746834 is divided by 198?
2
Calculate the remainder when 16481013 is divided by 446.
421
Calculate the remainder when 275961 is divided by 3034.
2901
What is the remainder when 347893 is divided by 347792?
101
Calculate the remainder when 454940 is divided by 14.
10
Calculate the remainder when 746452 is divided by 149283.
37
What is the remainder when 39314611 is divided by 4348?
4343
What is the remainder when 94160 is divided by 1345?
10
What is the remainder when 216109 is divided by 71541?
1486
Calculate the remainder when 179323 is divided by 38.
1
What is the remainder when 62352416 is divided by 20784132?
20
What is the remainder when 15458229 is divided by 534?
531
What is the remainder when 1493635 is divided by 135?
130
Calculate the remainder when 767320 is divided by 1421.
1401
Calculate the remainder when 98359466 is divided by 326.
50
Calculate the remainder when 13154772 is divided by 11.
4
What is the remainder when 35109 is divided by 1717?
769
Calculate the remainder when 9732175 is divided by 66.
13
Calculate the remainder when 60967769 is divided by 3766.
3761
What is the remainder when 2434557 is divided by 133?
125
What is the remainder when 47475 is divided by 2238?
477
What is the remainder when 4456780 is divided by 395?
390
Calculate the remainder when 7991993 is divided by 3995901.
191
What is the remainder when 34744 is divided by 15835?
3074
What is the remainder when 199607 is divided by 66520?
47
What is the remainder when 19260298 is divided by 3298?
3276
Calculate the remainder when 23617 is divided by 11207.
1203
What is the remainder when 52439579 is divided by 962?
959
Calculate the remainder when 43725 is divided by 4843.
138
What is the remainder when 322713 is divided by 64541?
8
What is the remainder when 30169840 is divided by 317?
316
Calculate the remainder when 21484646 is divided by 174.
170
What is the remainder when 35630646 is divided by 25?
21
Calculate the remainder when 14040683 is divided by 1034.
1031
What is the remainder when 65242 is divided by 6511?
132
What is the remainder when 1110703 is divided by 185094?
139
Calculate the remainder when 73649 is divided by 44.
37
What is the remainder when 210893 is divided by 4386?
365
Calculate the remainder when 2986360 is divided by 33.
25
Calculate the remainder when 1552534 is divided by 776198.
138
Calculate the remainder when 1125612 is divided by 2814.
12
What is the remainder when 558647 is divided by 139656?
23
What is the remainder when 261655 is divided by 1559?
1302
Calculate the remainder when 7285 is divided by 1786.
141
Calculate the remainder when 714167 is divided by 2082.
41
What is the remainder when 30879224 is divided by 1495?
1494
Calculate the remainder when 384464 is divided by 483.
479
What is the remainder when 7008241 is divided by 452?
433
Calculate the remainder when 1584359 is divided by 94.
83
What is the remainder when 71252624 is divided by 159046?
16
Calculate the remainder when 74348 is divided by 928.
108
Calculate the remainder when 18050849 is divided by 54.
53
What is the remainder when 22413168 is divided by 195?
63
What is the remainder when 289867 is divided by 144927?
13
What is the remainder when 414757 is divided by 7269?
424
Calculate the remainder when 554165 is divided by 554116.
49
Calculate the remainder when 4395348 is divided by 101.
30
Calculate the remainder when 15242 is divided by 4451.
1889
What is the remainder when 330682 is divided by 25437?
1
Calculate the remainder when 93226 is divided by 187.
100
What is the remainder when 498677 is divided by 140?
137
What is the remainder when 40384 is divided by 150?
34
Calculate the remainder when 33131530 is divided by 1104384.
10
What is the remainder when 33003 is divided by 3274?
263
Calculate the remainder when 160444 is divided by 1695.
1114
Calculate the remainder when 72199 is divided by 18049.
3
What is the remainder when 56870 is divided by 18933?
71
Calculate the remainder when 21289 is divided by 1065.
1054
Calculate the remainder when 5585614 is divided by 38.
32
Calculate the remainder when 256337 is divided by 6565.
302
Calculate the remainder when 21380797 is divided by 161.
158
What is the remainder when 712865 is divided by 760?
745
Calculate the remainder when 1644561 is divided by 2422.
23
What is the remainder when 1766497 is divided by 62?
55
What is the remainder when 468662 is divided by 1183?
194
Calculate the remainder when 15642986 is divided by 2779.
2774
Calculate the remainder when 2033921 is divided by 635.
16
What is the remainder when 14806030 is divided by 55041?
1
What is the remainder when 127795 is divided by 2625?
1795
Calculate the remainder when 70974410 is divided by 44359.
10
Calculate the remainder when 5584587 is divided by 1798.
1797
What is the remainder when 773406 is divided by 2871?
1107
What is the remainder when 10710620 is divided by 122?
118
What is the remainder when 3540366 is divided by 294?
18
Calculate the remainder when 3343377 is divided by 9339.
15
Calculate the remainder when 211249 is divided by 12975.
3649
What is the remainder when 404566 is divided by 67421?
40
Calculate the remainder when 67209531 is divided by 10261.
10242
Calculate the remainder when 110546 is divided by 6138.
62
Calculate the remainder when 4499994 is divided by 5137.
5119
What is the remainder when 4323966 is divided by 291?
288
What is the remainder when 16546882 is divided by 5312?
2
What is the remainder when 232737 is divided by 3885?
3522
What is the remainder when 208667 is divided by 1023?
998
Calculate the remainder when 11479 is divided by 765.
4
What is the remainder when 8270 is divided by 525?
395
Calculate the remainder when 8614580 is divided by 1406.
18
What is the remainder when 75543606 is divided by 724?
722
Calculate the remainder when 287960 is divided by 287951.
9
What is the remainder when 693059 is divided by 2511?
23
What is the remainder when 28065 is divided by 8166?
3567
Calculate the remainder when 537244 is divided by 537238.
6
Calculate the remainder when 556750 is divided by 26510.
40
What is the remainder when 690120 is divided by 62?
60
Calculate the remainder when 8586381 is divided by 279.
156
What is the remainder when 78518254 is divided by 3913?
3909
What is the remainder when 1703758 is divided by 4270?
28
What is the remainder when 560875 is divided by 1233?
1093
Calculate the remainder when 201292049 is divided by 30.
29
Calculate the remainder when 3513478 is divided by 402.
400
Calculate the remainder when